 be 4/(-14) - (-102)/14. Let q(c) be the second derivative of 0 - 1/3*c**3 + 148*c + 3*c**2. Determine q(w).
-8
Suppose a + 29 = 2*a. Let m = 760 - 789. Let y = a + m. Let t(d) = d**2 - d - 9. Calculate t(y).
-9
Let t be ((-368)/24 + 2)/(4/(-78)). Let g = t + -256. Let j(d) = -d + 1. Give j(g).
-3
Suppose 0 = -4*n - 9*n + 6292. Suppose n = 2*d + 504. Let v(y) = -y**3 - 10*y**2 + 2*y + 15. Calculate v(d).
-5
Let o be (16/(-3))/((-5)/((-60)/(-8))). Suppose -o = j - 1. Let v(f) be the first derivative of -f**2/2 - 15*f - 12. Give v(j).
-8
Let s(x) = 14*x + 7. Suppose -6*r - 58 = 110. Let l = -29 - r. Let c be s(l). Let a(z) = z**3 + 6*z**2 - 4*z + 5. Give a(c).
-16
Let w(n) = 9*n + 229. Let d = 8840 + -8865. What is w(d)?
4
Let c(r) = -2*r**2 - 140*r - 1795. Let d be c(-17). Let p(z) = -3*z + 5*z - 9 - 3*z + 2*z. Let v(y) = 1. Let t(l) = p(l) + 6*v(l). Determine t(d).
4
Let l(c) = -36 + 64*c**2 - 136*c**2 + 71*c**2 - 11*c. What is l(-7)?
-8
Let w(l) = 22 - 43 + 11 + 2 + 23 - l. Let c(s) = 2*s**2 + s + 2. Let h be c(-2). What is w(h)?
7
Let p(o) = o**3 + 3 + 0 - 4*o**2 + 0 - 5*o. Let b(g) be the first derivative of g**3/3 - 3*g**2/2 - 5*g + 12. Let z be b(5). What is p(z)?
3
Let c(m) = m**3 - 16*m**2 + 10*m + 81. Suppose 13 = -k + 28. Let d be c(k). Let l(w) = w**3 - 5*w**2 - w - 14. Give l(d).
16
Let v(c) be the first derivative of c**4/4 + 2*c**3/3 + 3*c + 45. Suppose s = -3*f - 11 - 7, -10 = 2*f. Give v(s).
-6
Suppose x + 25 = 6*x. Let r(p) = -3*p + 4. Let o(y) = -2*y + 2. Let f(c) = x*o(c) - 3*r(c). Give f(-5).
3
Let z(c) be the third derivative of c**6/120 - c**5/12 - c**4/6 - c**3/2 + 2*c**2. Suppose 0 = -3270*d + 3282*d - 72. What is z(d)?
9
Let a(v) = 5*v**2 + 3*v + 12. Let w be a(-4). Let i(f) = w*f + f**3 - 35*f - 47*f - f**2. What is i(2)?
0
Suppose 0 = -201*h + 202*h + 10. Let r be 0 - (-27)/(-18)*h/(-3). Let t(f) = 5*f + 6. Calculate t(r).
-19
Let p(d) = -d + 6. Suppose -4*b - 540 - 435 = 5*w, -2*b - 195 = w. Let o = w + 201. Give p(o).
0
Let g(t) = 7*t + 6. Let r(b) = 5*b + 7. Let k be (4 - 2)/((-1)/2). Let o(y) = k*r(y) + 3*g(y). What is o(6)?
-4
Let j = 187 - 178. Suppose -10*i = -11*i + j. Let z(g) = g**2 - 11*g + 7. Calculate z(i).
-11
Let l(v) be the third derivative of 0 - 1/24*v**4 - 1/10*v**5 + 0*v**3 + 15*v**2 + 0*v. Calculate l(2).
-26
Let m(n) = 7*n**3 - 32*n**2 - 14*n - 14. Let k(o) = -3*o**3 + 14*o**2 + 7*o + 7. Let r(a) = 5*k(a) + 2*m(a). Give r(7).
7
Let g(f) = f**3 - 2*f**2 - 6*f. Suppose 2*t - 3 = 3. Let b be g(t). Let y be ((-80)/(-36) - (-2)/(-9)) + b. Let i(m) = m**3 + 6*m**2 - 6*m + 4. What is i(y)?
-3
Let f be (-132)/(-9)*240/320. Let k(g) = 7*g - 87. What is k(f)?
-10
Let q(f) = -f**2 - 5. Let a be (-1 + 0)/((-2388)/216 + 11). Suppose a*r - 7*r + 44 = 0. Give q(r).
-21
Let p(i) be the first derivative of -i**2 - 16*i + 81133. Let a(h) = 2*h - 5. Let y be a(-4). Calculate p(y).
10
Let w(k) = k**2 + 17*k + 12. Let q be ((-39)/52)/(27/468). Give w(q).
-40
Let z(u) = u + 11. Let s be z(0). Let c(q) = -27*q - 269 + 118 + 142 - 8*q**2. Let g(t) = -3*t**2 - 9*t - 3. Let b(y) = s*g(y) - 4*c(y). Determine b(7).
17
Let y(a) = -a**3 + 8*a**2 - 9*a + 2. Let r(f) = -72*f - 1654. Let i be r(-23). Suppose 0 = 3*g - g + 2. Let z be g/4*(-15 + 1)*i. Calculate y(z).
-12
Let y(v) be the second derivative of v**5/20 - 3*v**4/2 - 19*v**3/6 + 5*v**2/2 - 21*v + 23. Calculate y(19).
5
Let p(v) be the first derivative of -3*v**2/2 - 53*v - 195. Let u be p(-16). Let t(d) be the second derivative of -d**3/6 - 9*d**2/2 - 4*d. What is t(u)?
-4
Suppose 15*g - 11*g = 44. Let d(i) = -i**3 - 7*i**2 - 5*i - 11. Let k(p) = -6*p**3 - 36*p**2 - 26*p - 55. Let x(j) = g*d(j) - 2*k(j). What is x(6)?
7
Let k(t) = t**3 + 9. Suppose -25*l = -19*l + 12. Let g be 0/(10 + -12 + (1 - l)). Give k(g).
9
Let r(h) = -h + h**2 - 3*h**2 + 4*h**3 - h**3. Suppose 20 = -10*c - 0. Let i be (-36)/(-18)*(1 - c)/(-6). Calculate r(i).
-4
Let g be (115/(-207))/(10/(-90)). Let n(k) = -k**3 + 7*k**2 - 15*k - 2. Calculate n(g).
-27
Suppose 4*r - 2*u - 243 + 263 = 0, 0 = -2*r - 2*u - 4. Let f(l) = l**2 + 22*l + 57. Calculate f(r).
-15
Let p(i) = -15*i - 3. Let q be 7*(-8)/(-8) + -8. What is p(q)?
12
Let q be -3 + (-218)/763*(-7)/(-2). Let u(y) = -y**3 - 3*y**2 + 5*y - 4. What is u(q)?
-8
Let q(y) = 4*y. Let r(x) = -28*x. Let b(z) = -20*q(z) - 3*r(z). Let u = -1027 - -1029. Give b(u).
8
Let p be (2 - (1 + -2)) + 186/186. Let b(j) be the second derivative of -1/20*j**5 + 5/12*j**p + 5/6*j**3 + 0 - 12*j - 1/2*j**2. What is b(6)?
-7
Let b be -1*1*(-17 - 53) - 2. Let s = -68 + b. Let d(j) = 14 + j - 7 + s - j**2 - 3. Calculate d(-3).
-8
Suppose 0 = 3*s + 2*k + 10, 0 = 24*s - 20*s + 5*k + 25. Let l(z) be the first derivative of z**4/4 + z**3/3 + z**2/2 - 5*z + 6. What is l(s)?
-5
Let a(n) = -16*n + 342. Let x(l) = 7*l - 146. Let y(j) = -3*a(j) - 7*x(j). Suppose q - 12 = i, 2*i - 2*q = -i - 41. Let p = i - -11. Determine y(p).
2
Let a(x) = x - 8. Suppose -10 = 5*n, 7*t - 4*t = 4*n + 158. Suppose -5*y = -5*f - t, 5*y - 49 + 7 = 3*f. Calculate a(y).
-2
Let m(l) = 15*l + 3. Suppose -i - 2*y = -7, 6*i = 5*i + 3*y - 3. Determine m(i).
48
Let j(v) = -v**2 + 7*v - 6. Suppose 0 = -13*y + 19*y - 18. Suppose -5*c + d = -d - 55, 0 = y*c - 3*d - 42. Determine j(c).
-24
Let s(r) = 159 + 2*r**2 - 291 + 0*r**2 - r**2 + 5*r + 129. What is s(0)?
-3
Let o(w) be the third derivative of -w**6/120 - w**5/20 + w**4/12 - w**3 + 29*w**2. Let n be -9 + (35/9 - (-11)/99). Calculate o(n).
34
Let v(t) = -2*t + 2. Let d(l) = 5*l - 74. Let b be d(16). Let q be b - 3*12/18. Determine v(q).
-6
Let f(h) = -h**3 - 3*h**2 - 39*h - 110. Let o be f(-3). Let j(k) = k**3 - 7*k**2 + 3*k - 4. What is j(o)?
17
Let y(f) = -f**3 - 7*f**2 - 2*f + 14. Let q be (32 + -23)/(4 - 44/8). Give y(q).
-10
Let q(d) = 9*d**3 + 2*d - 1. Suppose -8*l + 5 = 53. Let k be (160 + -4)*(1 + l/4). Let x = k - -79. What is q(x)?
10
Let s(g) = -107*g**2 - 14*g + 2. Let f be s(1). Let y(b) = 7*b**2 - 2*b + 4. Let t be y(-4). Let n = f + t. Let v(u) = u**2 - 4*u - 7. What is v(n)?
-2
Let o(l) be the second derivative of -2*l**2 + 0 - 1/12*l**4 - 1/6*l**3 - 1/20*l**5 + 3*l. Let i(h) = -h**3 + 4*h**2 + 3*h - 12. Let a be i(4). Calculate o(a).
-4
Let l(z) be the third derivative of -z**5/60 + 13*z**4/12 - 49*z**3/2 - z**2 + 155*z - 4. What is l(18)?
-3
Let z(s) = 7*s + 2. Suppose 2*d - 7*d + 20 = -5*i, 5*d = -2*i - 15. Let c be z(d). Let l(w) = -w**3 - 6*w**2 - 4*w - 1. Determine l(c).
-6
Let j(z) = 47 + 6*z - 30 + 2*z + 57. Calculate j(-8).
10
Let x = 44 - 69. Let a be 1*110/x + 2/5. Let g(s) = s**3 + 4*s**2 + 2*s + 2. Let h be g(a). Let m(t) = t**3 + 5*t**2 - 7*t - 5. Calculate m(h).
1
Let b(x) be the second derivative of -x**3/2 - 11*x**2 + 5664*x. Determine b(-7).
-1
Let c(f) be the first derivative of 72 - 60 + f**2 - 5*f + f**2. Give c(-7).
-33
Suppose -19*u + 374 + 1188 = 52*u. Let k(s) = 10*s - 218. Calculate k(u).
2
Let v(i) = -7*i**3 + i**2 + 6*i + 6. Let r be v(-1). Let s(w) = w**2 + w - 1. Let o(x) = 5*x**2 + 9*x + 5. Let j(p) = -o(p) + 6*s(p). Give j(r).
29
Let b = -26671 + 26661. Let g(m) = -m**3 - 13*m**2 - 29*m - 21. Calculate g(b).
-31
Let z(d) = -51 + 1 + 27 - 22 - 10 - 5*d. Give z(-14).
15
Let k = -52 - -52. Suppose 5*r - 11 = -4*q, -2*q - q - 3 = k. Let y(p) = -7*p**2 - 718*p**3 + 717*p**3 - 3*p - r*p + 3. Give y(-6).
3
Suppose -233 = 107*w - 142 + 1621. Let k(i) = i**3 + 15*i**2 - 21*i + 5. What is k(w)?
85
Let t(g) = 5*g + 1968 - 14*g - 11*g - 1979. Give t(5).
-111
Let u = -38 - -40. Suppose -u*f + 1 + 7 = 0. Let q(h) = 3*h + 6*h**2 - 6*h - f*h**2. What is q(2)?
2
Let r = 144 + -141. Let a(x) = -2*x**r + 0*x + 15*x - 11*x**2 + 17 + x**3. What is a(-12)?
-19
Let f = -103 + 150. Let q = f - 31. Let s = q - 19. Let b(j) = j + 3. Determine b(s).
0
Let s(j) = -j**2 + 5*j - 2. Let k be s(4). Let u(q) = -3 - 3 + q**k + 4 - q. Let z(h) = -40*h**2 - 275*h + 38. Let l be z(-7). Give u(l).
4
Suppose 5*p + 0 - 28 = -4*b, 0 = -b - 2*p + 10. Let t(o) = -o + 6. Let m(f) = -1. Let l(g) = -2*m(g) - t(g). Calculate l(b).
-2
Let h = 2242 + -2252. Let b(o) = o**2 + 10*o + 7. Give b(h).
7
Let g(f) = f**3 + 7*f**2 + 6*f - 7. Let o be g(-6). Let w(a) be the third derivative of -1/3*a**4 + 5/6*a**3 - 1/60*a**5 - 18 + 3*a**2 + 0*a. Calculate w(o).
12
